ivative of 131*q**5/60 + q**4/8 + q**3/6 + 3*q**2 - 2*q. Let x(o) be the first derivative of m(o). Is x(-2) a prime number?
False
Suppose 9*t - 35 + 35 = 0. Suppose t = 6*q + q - 10591. Is q composite?
True
Let d = -9 - -11. Suppose -d*f + 7*v - 3*v + 394 = 0, -4*v - 1003 = -5*f. Is f a composite number?
True
Let u = -3025 + 5160. Let k = -10 - -14. Suppose p = -k*p + u. Is p composite?
True
Suppose -35*k - 373516 = -87*k. Is k a prime number?
False
Suppose -3*z = 5*j - 635, -4*j = 2*z - 336 - 172. Let h be (-10 + 1)*(1 + -21). Let d = h - j. Is d a prime number?
True
Let v(s) = -s**3 - 5*s**2 - 5*s + 4. Let i be v(-4). Suppose -i*b = -4*b - 24. Is 4/b + (-2525)/(-15) prime?
False
Suppose -11918 = 75*p - 77*p. Is p prime?
False
Suppose -3*i + i = 4. Let s = i + 6. Suppose -295 = -s*m - m. Is m prime?
True
Suppose 254479 + 276447 = 22*y. Is y prime?
True
Let p(r) be the second derivative of 563*r**3/6 + 2*r**2 - 4*r. Is p(3) prime?
True
Let d = -381 - -592. Is d composite?
False
Let h = -2 - 2. Let l = 6 + 3. Is (21/l)/(h/(-12)) a prime number?
True
Suppose 2*n - 5*x = 3*n - 66564, -133144 = -2*n - 2*x. Is n a prime number?
False
Let u(o) = 7*o**2 + 26*o + 114. Is u(-10) prime?
False
Let y(p) = -757*p + 241. Is y(-6) prime?
True
Suppose -8*k + 10 = -3*k. Is (1318/6 - -1)/(k/3) composite?
False
Suppose -1372*n = -1363*n - 147321. Is n composite?
False
Suppose -q + 2*q = 0. Let l(s) = -s**3 + s**2 + s. Let o be l(q). Suppose o = -4*h - b + 217, 27 = 4*h - 2*b - 199. Is h a composite number?
True
Suppose 0 = g - 3*q - 851, 0*g - 2*q + 4187 = 5*g. Is g a prime number?
True
Let s(j) = -399*j + 37. Is s(-14) composite?
False
Suppose 0 = 5*n - 8 - 2. Suppose -5*t + 49 = -0*x + n*x, t - 5*x = 26. Let o(z) = -z**2 + 19*z + 5. Is o(t) composite?
True
Let u = -87 - -23. Let m be u/12*(-3)/(-2). Let p(t) = 6*t**2 + 11*t - 3. Is p(m) prime?
True
Suppose 0 = -2*x - 3*c + 1 + 6, 11 = 5*x + c. Is 576/7 + x/(-7) a prime number?
False
Suppose 298*u + 50981 = 305*u. Is u a prime number?
True
Let q = -4160 - -32. Is -5 - q/15 - (-8)/10 prime?
True
Suppose 23*q - 189221 = -60030. Is q prime?
False
Let m = -108 - -113. Suppose -m*i - 1342 = -10817. Is i a prime number?
False
Suppose 1 - 5 = -x, 0 = -5*v - 3*x - 3868. Let n be (40/(-32))/(1/v). Suppose -4*d = d - n. Is d a prime number?
False
Suppose 547*w = 550*w - 65181. Is w a composite number?
False
Suppose -6*p + 2*p + w = 104, 61 = -3*p + 5*w. Let s(g) = 35*g**2. Let a be s(2). Let x = p + a. Is x composite?
False
Let l = 71 - 67. Suppose -2*r - 2*r + 10170 = 2*m, l*m - r = 20304. Is m a composite number?
False
Suppose 5*x = 5*f + 146 - 646, 4*f = 5*x + 502. Let h = x - -733. Is h a prime number?
True
Let g(j) = -1 + 222*j**3 + 3*j**2 - j**2 + 76*j**3. Is g(1) composite?
True
Let p(k) = 63*k + 13. Let z be -8 + 10 + (-4)/(-2). Is p(z) composite?
True
Suppose p - 4*f - 179 = 0, p - f = 4*p - 563. Let c = p + -134. Is c a prime number?
True
Is 2918/(220/140 - (-6)/14) a composite number?
False
Let g be -16 - 2716 - (-2 + 0). Let n = g + 4093. Is n prime?
False
Let s = 4 + 10. Suppose j - s = -4*c + 2*c, 2*c = 10. Suppose -j*i + 2*m + 101 = -3*i, 0 = m + 3. Is i a prime number?
False
Suppose -6*x = 31*x - 111481. Is x prime?
False
Let p(j) = -8*j**3 + 7*j**2 - 4*j - 1. Suppose -4*m + 30 = -5*k, 16 = -2*k - 5*m + 4. Is p(k) composite?
False
Let d be 159*1 - (1 + 0). Let b = 225 + -337. Let o = b + d. Is o a composite number?
True
Suppose -u = -2 - 0. Suppose -u*s + 4 = 0, 3*a + 19 = -0*a + 5*s. Is ((-3)/(-6))/(a/(-522)) prime?
False
Let q be (0 - (-147)/6)*-38. Let y = q - -1320. Is y a composite number?
False
Suppose 5*k - 10680 = 5*f, -8*k + 3*f + 4267 = -6*k. Let y = k + 38. Is y a prime number?
True
Let l be (1/(-1) + 0)*(0 - 3). Suppose -4*o = -l*o - 787. Is o a prime number?
True
Let o(y) = 63*y + 4. Suppose 5*r = j + 14, 0 = -4*j + r + r - 2. Is o(j) prime?
True
Let b(l) = -4*l + 19. Let u be b(4). Is (319/u)/((-2)/(-6)) a composite number?
True
Suppose 4*w = 3*w - 286. Let r = 387 - w. Is r composite?
False
Let h(b) = -4*b + 36. Let i(v) = 3*v - 35. Let m(d) = -2*h(d) - 3*i(d). Let l be -1*(-2 + 2)*-1. Is m(l) prime?
False
Suppose 52 = -3*j + 7*j. Let n(z) = -z**3 + 14*z**2 + z + 9. Is n(j) a prime number?
True
Let c(p) be the first derivative of -10*p**2 - 43*p + 4. Is c(-6) a composite number?
True
Suppose -3*k + 465 + 1952 = 4*u, -2*u - 4*k = -1206. Suppose -3*f + 388 = -u. Is f prime?
True
Suppose 25273 = 7*n - 43348. Is n composite?
False
Let s(z) = -z**3 + 14*z**2. Let t be s(14). Suppose t = 3*y - 188 - 346. Is y prime?
False
Let o = -418 - -597. Suppose 4*u - 3*u = o. Is u a composite number?
False
Suppose -21500 = -5*b - 5*t, b + 4*t + 1405 = 5720. Let r = b + -2673. Let g = 3277 - r. Is g a composite number?
True
Let x(p) = -271*p + 11 + 112*p - 31 - 29. Is x(-16) a prime number?
False
Suppose 0 = -18*k + 22*k - 164. Suppose d - 538 = k. Is d a composite number?
True
Suppose -s - 5*w = 3*s - 1243, 0 = -4*s + 3*w + 1219. Is s composite?
False
Let y(g) = 358*g - 533. Is y(3) composite?
False
Let x = 19 + -17. Let u(v) = v**3 + 19 + 33 + x*v + 87. Is u(0) a composite number?
False
Suppose -68*s + 11705 = -26171. Is s prime?
True
Let v = 3940 - -12393. Is v composite?
False
Let l = -98932 + 158439. Is l a composite number?
True
Let v(l) = 283*l + 103. Is v(18) a prime number?
True
Suppose 13 - 3 = 2*l + 4*y, -2*y - 1 = -l. Suppose 7*z - 136 = l*z. Is z a composite number?
True
Suppose 36 = -t + 170. Is t a prime number?
False
Let r(d) = 10*d**2 + d - 7. Suppose -4*u + 5*f - 36 = 0, u - 5*f - 2 = -26. Is r(u) composite?
False
Let f(q) = -2*q**3 + 49*q**2 - 16*q + 96. Is f(23) composite?
True
Suppose 6*w + 161 + 211 = 0. Let x = w + 223. Is x prime?
False
Let w(j) = 432*j**2 - 21*j + 45. Is w(2) prime?
False
Let n = 13 + -9. Let a be 1 - (0 - 0 - 1). Suppose k = n*k - 3*c - 390, 375 = 3*k + a*c. Is k a prime number?
True
Suppose -3*m = m. Suppose -2*a + 13 + 9 = m. Suppose 4*s - 355 = -a. Is s a prime number?
False
Suppose -9*l + 23*l = 31738. Is l a composite number?
False
Let u(t) = -t**3 - t - 1. Let p(c) = -12*c**3 + 2*c**2 - 5*c - 4. Let b(g) = p(g) - 4*u(g). Let n be (-12)/8*4/3. Is b(n) a prime number?
False
Let b(l) = -l**3 - 10*l**2 - 25*l - 15. Let r be b(-7). Let p(m) = m + 40. Is p(r) a composite number?
False
Let f = 1301 + -839. Suppose q + f = 7*q. Is q a composite number?
True
Let k be 8/(-24) + 640/3. Suppose -k = -w - 51. Let v = -93 + w. Is v composite?
True
Let w(l) = -l**2 + 17*l + 4. Let s be w(17). Let y(b) = b**3 - 3*b**2 + 5*b + 2. Is y(s) composite?
True
Suppose 3*f = 3*o + o + 4, 18 = 5*o + 2*f. Suppose 3*k - o*d - 2194 = 4865, d - 2348 = -k. Is k prime?
True
Let o(x) be the second derivative of -49*x**4/2 - x**3/6 + 6*x. Let q be o(1). Let z = q + 549. Is z prime?
False
Suppose -7*c = -8754 - 14003. Is c prime?
True
Let b(p) = 4*p**2 - 4*p - 4*p**2 + 0 - 3 + p**3 + 2*p**2. Let w be b(-2). Suppose 44 = w*g - 381. Is g a prime number?
False
Let o be 4 + 8 + -2 + -7. Suppose 1790 = 5*i - 2030. Suppose -o*r + i = r. Is r composite?
False
Let c be 38/5 + (-4)/(-10). Let r(d) = 24*d + c*d + 47*d. Is r(2) a composite number?
True
Suppose 3 = y + 2*f, -2*y - 4 = -4*f + 6. Let c be ((-16)/(-4))/y + 865. Suppose 6*i = c + 645. Is i composite?
False
Let h(b) = -5*b**3 + 10*b**2 - 15*b - 23. Is h(-10) composite?
True
Suppose 0 = 3*d + 3*n - 5922, 6*d - 2*d - 7851 = 5*n. Is d composite?
True
Let t(p) = 3 - 10 - 14*p + 3. Let y be t(-10). Let c = y + -78. Is c prime?
False
Let p(b) = 9*b**2 - 73*b + 9. Is p(-61) prime?
True
Let p(u) = -u**3 + 10*u**2 - 10*u + 12. Let a be p(9). Suppose i = -4*n - 37, n - 2 = a*n. Let t = i + 88. Is t composite?
True
Let q = 20132 + -11919. Is q a composite number?
True
Suppose -5*b = -25, 353 = -2*g - 4*b + 2043. Is g a composite number?
True
Let t = 61 - -270. Is t a composite number?
False
Let a be (-4)/4 - (-176 - 0). Let h = a + 16. Is h a composite number?
False
Let m(y) be the first derivative of y**4/3 - 5*y**3/6 - 5*y**2/2 + 4*y - 3. Let f(s) be the first derivative of m(s). Is f(-4) a prime number?
True
Let u be (4/(-6)*13)/(17/(-1326)). Suppose 2*x - u = 66. Is x a prime number?
False
Let c be (15323/2)/(-11) + (-1)/(-2). Let l = 416 - 795. 